{"id":37,"date":"2026-04-28T11:45:22","date_gmt":"2026-04-28T09:45:22","guid":{"rendered":"https:\/\/systemische-praxis-bremen.de\/?page_id=37"},"modified":"2026-04-28T17:35:50","modified_gmt":"2026-04-28T15:35:50","slug":"hypnotherapie","status":"publish","type":"page","link":"https:\/\/systemische-praxis-bremen.de\/?page_id=37","title":{"rendered":"Hypnotherapie"},"content":{"rendered":"\n<p>Hypnotherapie nach Milton Erickson gilt heute als eine der bedeutendsten Formen therapeutischer Hypnose. Im Mittelpunkt steht die Annahme, dass jeder Mensch bereits \u00fcber innere Ressourcen, F\u00e4higkeiten und unbewusste L\u00f6sungsm\u00f6glichkeiten verf\u00fcgt. Hypnotherapie bedeutet dabei nicht \u201eKontrollverlust\u201c oder Manipulation, sondern einen achtsamen Zugang zu inneren Bildern, Gef\u00fchlen, Erinnerungen und kreativen L\u00f6sungswegen. Sprache, innere Bilder, Metaphern und Imaginationen werden genutzt, um Ver\u00e4nderung nicht nur auf der Ebene des Verstandes, sondern auch emotional und k\u00f6rperlich erfahrbar zu machen.<\/p>\n\n\n\n<p>Hypnotherapie ist achtsam, respektvoll, individuell und st\u00e4rkend.<\/p>\n\n\n\n<p><strong>M\u00f6gliche Themen, f\u00fcr die Hypnotherapie ein hilfreicher Ansatz sein kann:<\/strong><\/p>\n\n\n\n<ul class=\"wp-block-list\">\n<li>Stress, \u00dcberforderung, Ersch\u00f6pfung<\/li>\n\n\n\n<li>Burnout<\/li>\n\n\n\n<li>Depression<\/li>\n\n\n\n<li>\u00c4ngste, Unsicherheiten, Selbstzweifel<\/li>\n\n\n\n<li>Schlafprobleme<\/li>\n\n\n\n<li>Innere Blockaden oder Entscheidungskonflikte<\/li>\n\n\n\n<li>Selbstwert<\/li>\n\n\n\n<li>Fragen der Motivation<\/li>\n\n\n\n<li>Leistungsdruck und Lampenfieber<\/li>\n\n\n\n<li>Pr\u00fcfungs\u00e4ngste<\/li>\n\n\n\n<li>Allgemeine mentale St\u00e4rkung<\/li>\n\n\n\n<li>Beziehungskonflikte<\/li>\n\n\n\n<li>Berufliche Neuorientierung<\/li>\n\n\n\n<li>Ressourcenaktivierung und pers\u00f6nliche Entwicklung<\/li>\n\n\n\n<li>K\u00f6rperliche und psychische Gesundheitsthemen<\/li>\n<\/ul>\n","protected":false},"excerpt":{"rendered":"<p>Hypnotherapie nach Milton Erickson gilt heute als eine der bedeutendsten Formen therapeutischer Hypnose. Im Mittelpunkt steht die Annahme, dass jeder Mensch bereits \u00fcber innere Ressourcen, F\u00e4higkeiten und unbewusste L\u00f6sungsm\u00f6glichkeiten verf\u00fcgt. Hypnotherapie bedeutet dabei nicht \u201eKontrollverlust\u201c oder Manipulation, sondern einen achtsamen Zugang zu inneren Bildern, Gef\u00fchlen, Erinnerungen und kreativen L\u00f6sungswegen. Sprache, innere Bilder, Metaphern und Imaginationen &hellip; <\/p>\n<p class=\"link-more\"><a href=\"https:\/\/systemische-praxis-bremen.de\/?page_id=37\" class=\"more-link\"><span class=\"screen-reader-text\">\u201eHypnotherapie\u201c <\/span>weiterlesen<\/a><\/p>\n","protected":false},"author":1,"featured_media":238,"parent":0,"menu_order":0,"comment_status":"closed","ping_status":"closed","template":"","meta":{"footnotes":""},"class_list":["post-37","page","type-page","status-publish","has-post-thumbnail","hentry"],"yoast_head":"<!-- This site is optimized with the Yoast SEO plugin v27.5 - https:\/\/yoast.com\/product\/yoast-seo-wordpress\/ -->\n<title>Hypnotherapie - Systemische Praxis Bremen<\/title>\n<meta name=\"robots\" content=\"index, follow, max-snippet:-1, max-image-preview:large, max-video-preview:-1\" \/>\n<link rel=\"canonical\" href=\"https:\/\/systemische-praxis-bremen.de\/?page_id=37\" \/>\n<meta property=\"og:locale\" content=\"de_DE\" \/>\n<meta property=\"og:type\" content=\"article\" \/>\n<meta property=\"og:title\" content=\"Hypnotherapie - Systemische Praxis Bremen\" \/>\n<meta property=\"og:description\" content=\"Hypnotherapie nach Milton Erickson gilt heute als eine der bedeutendsten Formen therapeutischer Hypnose. Im Mittelpunkt steht die Annahme, dass jeder Mensch bereits \u00fcber innere Ressourcen, F\u00e4higkeiten und unbewusste L\u00f6sungsm\u00f6glichkeiten verf\u00fcgt. Hypnotherapie bedeutet dabei nicht \u201eKontrollverlust\u201c oder Manipulation, sondern einen achtsamen Zugang zu inneren Bildern, Gef\u00fchlen, Erinnerungen und kreativen L\u00f6sungswegen. Sprache, innere Bilder, Metaphern und Imaginationen &hellip; \u201eHypnotherapie\u201c weiterlesen\" \/>\n<meta property=\"og:url\" content=\"https:\/\/systemische-praxis-bremen.de\/?page_id=37\" \/>\n<meta property=\"og:site_name\" content=\"Systemische Praxis Bremen\" \/>\n<meta property=\"article:modified_time\" content=\"2026-04-28T15:35:50+00:00\" \/>\n<meta property=\"og:image\" content=\"https:\/\/systemische-praxis-bremen.de\/wp-content\/uploads\/2026\/04\/Wasserkreise-1-2-scaled.jpeg\" \/>\n\t<meta property=\"og:image:width\" content=\"2560\" \/>\n\t<meta property=\"og:image:height\" content=\"1421\" \/>\n\t<meta property=\"og:image:type\" content=\"image\/jpeg\" \/>\n<meta name=\"twitter:card\" content=\"summary_large_image\" \/>\n<meta name=\"twitter:label1\" content=\"Gesch\u00e4tzte Lesezeit\" \/>\n\t<meta name=\"twitter:data1\" content=\"1\u00a0Minute\" \/>\n<script type=\"application\/ld+json\" class=\"yoast-schema-graph\">{\"@context\":\"https:\\\/\\\/schema.org\",\"@graph\":[{\"@type\":\"WebPage\",\"@id\":\"https:\\\/\\\/systemische-praxis-bremen.de\\\/?page_id=37\",\"url\":\"https:\\\/\\\/systemische-praxis-bremen.de\\\/?page_id=37\",\"name\":\"Hypnotherapie - Systemische Praxis Bremen\",\"isPartOf\":{\"@id\":\"https:\\\/\\\/systemische-praxis-bremen.de\\\/#website\"},\"primaryImageOfPage\":{\"@id\":\"https:\\\/\\\/systemische-praxis-bremen.de\\\/?page_id=37#primaryimage\"},\"image\":{\"@id\":\"https:\\\/\\\/systemische-praxis-bremen.de\\\/?page_id=37#primaryimage\"},\"thumbnailUrl\":\"https:\\\/\\\/systemische-praxis-bremen.de\\\/wp-content\\\/uploads\\\/2026\\\/04\\\/Wasserkreise-1-2-scaled.jpeg\",\"datePublished\":\"2026-04-28T09:45:22+00:00\",\"dateModified\":\"2026-04-28T15:35:50+00:00\",\"breadcrumb\":{\"@id\":\"https:\\\/\\\/systemische-praxis-bremen.de\\\/?page_id=37#breadcrumb\"},\"inLanguage\":\"de\",\"potentialAction\":[{\"@type\":\"ReadAction\",\"target\":[\"https:\\\/\\\/systemische-praxis-bremen.de\\\/?page_id=37\"]}]},{\"@type\":\"ImageObject\",\"inLanguage\":\"de\",\"@id\":\"https:\\\/\\\/systemische-praxis-bremen.de\\\/?page_id=37#primaryimage\",\"url\":\"https:\\\/\\\/systemische-praxis-bremen.de\\\/wp-content\\\/uploads\\\/2026\\\/04\\\/Wasserkreise-1-2-scaled.jpeg\",\"contentUrl\":\"https:\\\/\\\/systemische-praxis-bremen.de\\\/wp-content\\\/uploads\\\/2026\\\/04\\\/Wasserkreise-1-2-scaled.jpeg\",\"width\":2560,\"height\":1421},{\"@type\":\"BreadcrumbList\",\"@id\":\"https:\\\/\\\/systemische-praxis-bremen.de\\\/?page_id=37#breadcrumb\",\"itemListElement\":[{\"@type\":\"ListItem\",\"position\":1,\"name\":\"Start\",\"item\":\"https:\\\/\\\/systemische-praxis-bremen.de\\\/\"},{\"@type\":\"ListItem\",\"position\":2,\"name\":\"Hypnotherapie\"}]},{\"@type\":\"WebSite\",\"@id\":\"https:\\\/\\\/systemische-praxis-bremen.de\\\/#website\",\"url\":\"https:\\\/\\\/systemische-praxis-bremen.de\\\/\",\"name\":\"Systemische Praxis Bremen\",\"description\":\"Franziska Gschwendtner\",\"publisher\":{\"@id\":\"https:\\\/\\\/systemische-praxis-bremen.de\\\/#organization\"},\"potentialAction\":[{\"@type\":\"SearchAction\",\"target\":{\"@type\":\"EntryPoint\",\"urlTemplate\":\"https:\\\/\\\/systemische-praxis-bremen.de\\\/?s={search_term_string}\"},\"query-input\":{\"@type\":\"PropertyValueSpecification\",\"valueRequired\":true,\"valueName\":\"search_term_string\"}}],\"inLanguage\":\"de\"},{\"@type\":\"Organization\",\"@id\":\"https:\\\/\\\/systemische-praxis-bremen.de\\\/#organization\",\"name\":\"Systemische Praxis Bremen\",\"url\":\"https:\\\/\\\/systemische-praxis-bremen.de\\\/\",\"logo\":{\"@type\":\"ImageObject\",\"inLanguage\":\"de\",\"@id\":\"https:\\\/\\\/systemische-praxis-bremen.de\\\/#\\\/schema\\\/logo\\\/image\\\/\",\"url\":\"https:\\\/\\\/systemische-praxis-bremen.de\\\/wp-content\\\/uploads\\\/2026\\\/02\\\/cropped-logo-icon-transparent-2-e1776718902626.png\",\"contentUrl\":\"https:\\\/\\\/systemische-praxis-bremen.de\\\/wp-content\\\/uploads\\\/2026\\\/02\\\/cropped-logo-icon-transparent-2-e1776718902626.png\",\"width\":112,\"height\":125,\"caption\":\"Systemische Praxis Bremen\"},\"image\":{\"@id\":\"https:\\\/\\\/systemische-praxis-bremen.de\\\/#\\\/schema\\\/logo\\\/image\\\/\"}}]}<\/script>\n<!-- \/ Yoast SEO plugin. -->","yoast_head_json":{"title":"Hypnotherapie - Systemische Praxis Bremen","robots":{"index":"index","follow":"follow","max-snippet":"max-snippet:-1","max-image-preview":"max-image-preview:large","max-video-preview":"max-video-preview:-1"},"canonical":"https:\/\/systemische-praxis-bremen.de\/?page_id=37","og_locale":"de_DE","og_type":"article","og_title":"Hypnotherapie - Systemische Praxis Bremen","og_description":"Hypnotherapie nach Milton Erickson gilt heute als eine der bedeutendsten Formen therapeutischer Hypnose. Im Mittelpunkt steht die Annahme, dass jeder Mensch bereits \u00fcber innere Ressourcen, F\u00e4higkeiten und unbewusste L\u00f6sungsm\u00f6glichkeiten verf\u00fcgt. Hypnotherapie bedeutet dabei nicht \u201eKontrollverlust\u201c oder Manipulation, sondern einen achtsamen Zugang zu inneren Bildern, Gef\u00fchlen, Erinnerungen und kreativen L\u00f6sungswegen. Sprache, innere Bilder, Metaphern und Imaginationen &hellip; \u201eHypnotherapie\u201c weiterlesen","og_url":"https:\/\/systemische-praxis-bremen.de\/?page_id=37","og_site_name":"Systemische Praxis Bremen","article_modified_time":"2026-04-28T15:35:50+00:00","og_image":[{"width":2560,"height":1421,"url":"https:\/\/systemische-praxis-bremen.de\/wp-content\/uploads\/2026\/04\/Wasserkreise-1-2-scaled.jpeg","type":"image\/jpeg"}],"twitter_card":"summary_large_image","twitter_misc":{"Gesch\u00e4tzte Lesezeit":"1\u00a0Minute"},"schema":{"@context":"https:\/\/schema.org","@graph":[{"@type":"WebPage","@id":"https:\/\/systemische-praxis-bremen.de\/?page_id=37","url":"https:\/\/systemische-praxis-bremen.de\/?page_id=37","name":"Hypnotherapie - Systemische Praxis Bremen","isPartOf":{"@id":"https:\/\/systemische-praxis-bremen.de\/#website"},"primaryImageOfPage":{"@id":"https:\/\/systemische-praxis-bremen.de\/?page_id=37#primaryimage"},"image":{"@id":"https:\/\/systemische-praxis-bremen.de\/?page_id=37#primaryimage"},"thumbnailUrl":"https:\/\/systemische-praxis-bremen.de\/wp-content\/uploads\/2026\/04\/Wasserkreise-1-2-scaled.jpeg","datePublished":"2026-04-28T09:45:22+00:00","dateModified":"2026-04-28T15:35:50+00:00","breadcrumb":{"@id":"https:\/\/systemische-praxis-bremen.de\/?page_id=37#breadcrumb"},"inLanguage":"de","potentialAction":[{"@type":"ReadAction","target":["https:\/\/systemische-praxis-bremen.de\/?page_id=37"]}]},{"@type":"ImageObject","inLanguage":"de","@id":"https:\/\/systemische-praxis-bremen.de\/?page_id=37#primaryimage","url":"https:\/\/systemische-praxis-bremen.de\/wp-content\/uploads\/2026\/04\/Wasserkreise-1-2-scaled.jpeg","contentUrl":"https:\/\/systemische-praxis-bremen.de\/wp-content\/uploads\/2026\/04\/Wasserkreise-1-2-scaled.jpeg","width":2560,"height":1421},{"@type":"BreadcrumbList","@id":"https:\/\/systemische-praxis-bremen.de\/?page_id=37#breadcrumb","itemListElement":[{"@type":"ListItem","position":1,"name":"Start","item":"https:\/\/systemische-praxis-bremen.de\/"},{"@type":"ListItem","position":2,"name":"Hypnotherapie"}]},{"@type":"WebSite","@id":"https:\/\/systemische-praxis-bremen.de\/#website","url":"https:\/\/systemische-praxis-bremen.de\/","name":"Systemische Praxis Bremen","description":"Franziska Gschwendtner","publisher":{"@id":"https:\/\/systemische-praxis-bremen.de\/#organization"},"potentialAction":[{"@type":"SearchAction","target":{"@type":"EntryPoint","urlTemplate":"https:\/\/systemische-praxis-bremen.de\/?s={search_term_string}"},"query-input":{"@type":"PropertyValueSpecification","valueRequired":true,"valueName":"search_term_string"}}],"inLanguage":"de"},{"@type":"Organization","@id":"https:\/\/systemische-praxis-bremen.de\/#organization","name":"Systemische Praxis Bremen","url":"https:\/\/systemische-praxis-bremen.de\/","logo":{"@type":"ImageObject","inLanguage":"de","@id":"https:\/\/systemische-praxis-bremen.de\/#\/schema\/logo\/image\/","url":"https:\/\/systemische-praxis-bremen.de\/wp-content\/uploads\/2026\/02\/cropped-logo-icon-transparent-2-e1776718902626.png","contentUrl":"https:\/\/systemische-praxis-bremen.de\/wp-content\/uploads\/2026\/02\/cropped-logo-icon-transparent-2-e1776718902626.png","width":112,"height":125,"caption":"Systemische Praxis Bremen"},"image":{"@id":"https:\/\/systemische-praxis-bremen.de\/#\/schema\/logo\/image\/"}}]}},"_links":{"self":[{"href":"https:\/\/systemische-praxis-bremen.de\/index.php?rest_route=\/wp\/v2\/pages\/37","targetHints":{"allow":["GET"]}}],"collection":[{"href":"https:\/\/systemische-praxis-bremen.de\/index.php?rest_route=\/wp\/v2\/pages"}],"about":[{"href":"https:\/\/systemische-praxis-bremen.de\/index.php?rest_route=\/wp\/v2\/types\/page"}],"author":[{"embeddable":true,"href":"https:\/\/systemische-praxis-bremen.de\/index.php?rest_route=\/wp\/v2\/users\/1"}],"replies":[{"embeddable":true,"href":"https:\/\/systemische-praxis-bremen.de\/index.php?rest_route=%2Fwp%2Fv2%2Fcomments&post=37"}],"version-history":[{"count":4,"href":"https:\/\/systemische-praxis-bremen.de\/index.php?rest_route=\/wp\/v2\/pages\/37\/revisions"}],"predecessor-version":[{"id":390,"href":"https:\/\/systemische-praxis-bremen.de\/index.php?rest_route=\/wp\/v2\/pages\/37\/revisions\/390"}],"wp:featuredmedia":[{"embeddable":true,"href":"https:\/\/systemische-praxis-bremen.de\/index.php?rest_route=\/wp\/v2\/media\/238"}],"wp:attachment":[{"href":"https:\/\/systemische-praxis-bremen.de\/index.php?rest_route=%2Fwp%2Fv2%2Fmedia&parent=37"}],"curies":[{"name":"wp","href":"https:\/\/api.w.org\/{rel}","templated":true}]}}

<p>Hypnotherapie nach Milton Erickson gilt heute als eine der bedeutendsten Formen therapeutischer Hypnose. Im Mittelpunkt steht die Annahme, dass jeder Mensch bereits über innere Ressourcen, Fähigkeiten und unbewusste Lösungsmöglichkeiten verfügt. Hypnotherapie bedeutet dabei nicht „Kontrollverlust“ oder Manipulation, sondern einen achtsamen Zugang zu inneren Bildern, Gefühlen, Erinnerungen und kreativen Lösungswegen. Sprache, innere Bilder, Metaphern und Imaginationen werden genutzt, um Veränderung nicht nur auf der Ebene des Verstandes, sondern auch emotional und körperlich erfahrbar zu machen.</p>



<p>Hypnotherapie ist achtsam, respektvoll, individuell und stärkend.</p>



<p><strong>Mögliche Themen, für die Hypnotherapie ein hilfreicher Ansatz sein kann:</strong></p>



<ul class="wp-block-list">
<li>Stress, Überforderung, Erschöpfung</li>



<li>Burnout</li>



<li>Depression</li>



<li>Ängste, Unsicherheiten, Selbstzweifel</li>



<li>Schlafprobleme</li>



<li>Innere Blockaden oder Entscheidungskonflikte</li>



<li>Selbstwert</li>



<li>Fragen der Motivation</li>



<li>Leistungsdruck und Lampenfieber</li>



<li>Prüfungsängste</li>



<li>Allgemeine mentale Stärkung</li>



<li>Beziehungskonflikte</li>



<li>Berufliche Neuorientierung</li>



<li>Ressourcenaktivierung und persönliche Entwicklung</li>



<li>Körperliche und psychische Gesundheitsthemen</li>
</ul>

<p>Hypnotherapie nach Milton Erickson gilt heute als eine der bedeutendsten Formen therapeutischer Hypnose. Im Mittelpunkt steht die Annahme, dass jeder Mensch bereits über innere Ressourcen, Fähigkeiten und unbewusste Lösungsmöglichkeiten verfügt. Hypnotherapie bedeutet dabei nicht „Kontrollverlust“ oder Manipulation, sondern einen achtsamen Zugang zu inneren Bildern, Gefühlen, Erinnerungen und kreativen Lösungswegen. Sprache, innere Bilder, Metaphern und Imaginationen &hellip; </p>
<p class="link-more"><a href="https://systemische-praxis-bremen.de/?page_id=37" class="more-link"><span class="screen-reader-text">„Hypnotherapie“ </span>weiterlesen</a></p>

<!-- This site is optimized with the Yoast SEO plugin v27.5 - https://yoast.com/product/yoast-seo-wordpress/ -->
<title>Hypnotherapie - Systemische Praxis Bremen</title>
<meta name="robots" content="index, follow, max-snippet:-1, max-image-preview:large, max-video-preview:-1" />
<link rel="canonical" href="https://systemische-praxis-bremen.de/?page_id=37" />
<meta property="og:locale" content="de_DE" />
<meta property="og:type" content="article" />
<meta property="og:title" content="Hypnotherapie - Systemische Praxis Bremen" />
<meta property="og:description" content="Hypnotherapie nach Milton Erickson gilt heute als eine der bedeutendsten Formen therapeutischer Hypnose. Im Mittelpunkt steht die Annahme, dass jeder Mensch bereits über innere Ressourcen, Fähigkeiten und unbewusste Lösungsmöglichkeiten verfügt. Hypnotherapie bedeutet dabei nicht „Kontrollverlust“ oder Manipulation, sondern einen achtsamen Zugang zu inneren Bildern, Gefühlen, Erinnerungen und kreativen Lösungswegen. Sprache, innere Bilder, Metaphern und Imaginationen &hellip; „Hypnotherapie“ weiterlesen" />
<meta property="og:url" content="https://systemische-praxis-bremen.de/?page_id=37" />
<meta property="og:site_name" content="Systemische Praxis Bremen" />
<meta property="article:modified_time" content="2026-04-28T15:35:50+00:00" />
<meta property="og:image" content="https://systemische-praxis-bremen.de/wp-content/uploads/2026/04/Wasserkreise-1-2-scaled.jpeg" />
	<meta property="og:image:width" content="2560" />
	<meta property="og:image:height" content="1421" />
	<meta property="og:image:type" content="image/jpeg" />
<meta name="twitter:card" content="summary_large_image" />
<meta name="twitter:label1" content="Geschätzte Lesezeit" />
	<meta name="twitter:data1" content="1 Minute" />
<script type="application/ld+json" class="yoast-schema-graph">{"@context":"https:\/\/schema.org","@graph":[{"@type":"WebPage","@id":"https:\/\/systemische-praxis-bremen.de\/?page_id=37","url":"https:\/\/systemische-praxis-bremen.de\/?page_id=37","name":"Hypnotherapie - Systemische Praxis Bremen","isPartOf":{"@id":"https:\/\/systemische-praxis-bremen.de\/#website"},"primaryImageOfPage":{"@id":"https:\/\/systemische-praxis-bremen.de\/?page_id=37#primaryimage"},"image":{"@id":"https:\/\/systemische-praxis-bremen.de\/?page_id=37#primaryimage"},"thumbnailUrl":"https:\/\/systemische-praxis-bremen.de\/wp-content\/uploads\/2026\/04\/Wasserkreise-1-2-scaled.jpeg","datePublished":"2026-04-28T09:45:22+00:00","dateModified":"2026-04-28T15:35:50+00:00","breadcrumb":{"@id":"https:\/\/systemische-praxis-bremen.de\/?page_id=37#breadcrumb"},"inLanguage":"de","potentialAction":[{"@type":"ReadAction","target":["https:\/\/systemische-praxis-bremen.de\/?page_id=37"]}]},{"@type":"ImageObject","inLanguage":"de","@id":"https:\/\/systemische-praxis-bremen.de\/?page_id=37#primaryimage","url":"https:\/\/systemische-praxis-bremen.de\/wp-content\/uploads\/2026\/04\/Wasserkreise-1-2-scaled.jpeg","contentUrl":"https:\/\/systemische-praxis-bremen.de\/wp-content\/uploads\/2026\/04\/Wasserkreise-1-2-scaled.jpeg","width":2560,"height":1421},{"@type":"BreadcrumbList","@id":"https:\/\/systemische-praxis-bremen.de\/?page_id=37#breadcrumb","itemListElement":[{"@type":"ListItem","position":1,"name":"Start","item":"https:\/\/systemische-praxis-bremen.de\/"},{"@type":"ListItem","position":2,"name":"Hypnotherapie"}]},{"@type":"WebSite","@id":"https:\/\/systemische-praxis-bremen.de\/#website","url":"https:\/\/systemische-praxis-bremen.de\/","name":"Systemische Praxis Bremen","description":"Franziska Gschwendtner","publisher":{"@id":"https:\/\/systemische-praxis-bremen.de\/#organization"},"potentialAction":[{"@type":"SearchAction","target":{"@type":"EntryPoint","urlTemplate":"https:\/\/systemische-praxis-bremen.de\/?s={search_term_string}"},"query-input":{"@type":"PropertyValueSpecification","valueRequired":true,"valueName":"search_term_string"}}],"inLanguage":"de"},{"@type":"Organization","@id":"https:\/\/systemische-praxis-bremen.de\/#organization","name":"Systemische Praxis Bremen","url":"https:\/\/systemische-praxis-bremen.de\/","logo":{"@type":"ImageObject","inLanguage":"de","@id":"https:\/\/systemische-praxis-bremen.de\/#\/schema\/logo\/image\/","url":"https:\/\/systemische-praxis-bremen.de\/wp-content\/uploads\/2026\/02\/cropped-logo-icon-transparent-2-e1776718902626.png","contentUrl":"https:\/\/systemische-praxis-bremen.de\/wp-content\/uploads\/2026\/02\/cropped-logo-icon-transparent-2-e1776718902626.png","width":112,"height":125,"caption":"Systemische Praxis Bremen"},"image":{"@id":"https:\/\/systemische-praxis-bremen.de\/#\/schema\/logo\/image\/"}}]}</script>
<!-- / Yoast SEO plugin. -->

Hypnotherapie nach Milton Erickson gilt heute als eine der bedeutendsten Formen therapeutischer Hypnose. Im Mittelpunkt steht die Annahme, dass jeder Mensch bereits über innere Ressourcen, Fähigkeiten und unbewusste Lösungsmöglichkeiten verfügt. Hypnotherapie bedeutet dabei nicht „Kontrollverlust“ oder Manipulation, sondern einen achtsamen Zugang zu inneren Bildern, Gefühlen, Erinnerungen und kreativen Lösungswegen. Sprache, innere Bilder, Metaphern und Imaginationen &hellip; „Hypnotherapie“ weiterlesen
